 is divided by 71.
17
Calculate the remainder when 474 is divided by 250.
224
What is the remainder when 47 is divided by 45?
2
Calculate the remainder when 397 is divided by 14.
5
Calculate the remainder when 377 is divided by 45.
17
What is the remainder when 335 is divided by 8?
7
Calculate the remainder when 334 is divided by 275.
59
What is the remainder when 81 is divided by 72?
9
What is the remainder when 1563 is divided by 56?
51
Calculate the remainder when 682 is divided by 91.
45
Calculate the remainder when 8846 is divided by 112.
110
What is the remainder when 388 is divided by 56?
52
What is the remainder when 108 is divided by 29?
21
Calculate the remainder when 1033 is divided by 246.
49
What is the remainder when 31 is divided by 7?
3
What is the remainder when 12537 is divided by 190?
187
What is the remainder when 687 is divided by 8?
7
Calculate the remainder when 538 is divided by 10.
8
What is the remainder when 183 is divided by 46?
45
Calculate the remainder when 411 is divided by 11.
4
Calculate the remainder when 104 is divided by 21.
20
Calculate the remainder when 135 is divided by 23.
20
What is the remainder when 193 is divided by 17?
6
What is the remainder when 903 is divided by 59?
18
Calculate the remainder when 31 is divided by 24.
7
What is the remainder when 274 is divided by 119?
36
Calculate the remainder when 743 is divided by 731.
12
Calculate the remainder when 37 is divided by 11.
4
Calculate the remainder when 548 is divided by 263.
22
Calculate the remainder when 228 is divided by 59.
51
What is the remainder when 15 is divided by 10?
5
Calculate the remainder when 190 is divided by 29.
16
Calculate the remainder when 89 is divided by 24.
17
What is the remainder when 14 is divided by 13?
1
What is the remainder when 1106 is divided by 553?
0
Calculate the remainder when 197 is divided by 57.
26
What is the remainder when 117 is divided by 25?
17
What is the remainder when 206 is divided by 93?
20
Calculate the remainder when 348 is divided by 65.
23
Calculate the remainder when 11 is divided by 3.
2
Calculate the remainder when 2764 is divided by 18.
10
What is the remainder when 757 is divided by 19?
16
What is the remainder when 1256 is divided by 19?
2
What is the remainder when 50 is divided by 18?
14
What is the remainder when 1492 is divided by 83?
81
Calculate the remainder when 30 is divided by 30.
0
What is the remainder when 2075 is divided by 148?
3
What is the remainder when 133 is divided by 38?
19
Calculate the remainder when 253 is divided by 15.
13
What is the remainder when 104 is divided by 19?
9
Calculate the remainder when 80 is divided by 32.
16
Calculate the remainder when 121 is divided by 32.
25
Calculate the remainder when 10117 is divided by 10.
7
What is the remainder when 1192 is divided by 52?
48
Calculate the remainder when 1126 is divided by 11.
4
Calculate the remainder when 373 is divided by 16.
5
What is the remainder when 55 is divided by 1?
0
Calculate the remainder when 131 is divided by 16.
3
Calculate the remainder when 438 is divided by 23.
1
What is the remainder when 4618 is divided by 110?
108
What is the remainder when 678 is divided by 97?
96
What is the remainder when 1269 is divided by 22?
15
Calculate the remainder when 17981 is divided by 27.
26
Calculate the remainder when 87 is divided by 27.
6
What is the remainder when 569 is divided by 44?
41
What is the remainder when 53 is divided by 15?
8
What is the remainder when 805 is divided by 8?
5
Calculate the remainder when 2050 is divided by 19.
17
What is the remainder when 942 is divided by 237?
231
What is the remainder when 659 is divided by 10?
9
What is the remainder when 948 is divided by 56?
52
Calculate the remainder when 8278 is divided by 17.
16
Calculate the remainder when 2271 is divided by 450.
21
Calculate the remainder when 13226 is divided by 189.
185
Calculate the remainder when 218 is divided by 9.
2
Calculate the remainder when 49 is divided by 10.
9
Calculate the remainder when 10787 is divided by 130.
127
Calculate the remainder when 322 is divided by 9.
7
What is the remainder when 94 is divided by 30?
4
What is the remainder when 262 is divided by 66?
64
Calculate the remainder when 171 is divided by 39.
15
Calculate the remainder when 50 is divided by 17.
16
What is the remainder when 105 is divided by 54?
51
What is the remainder when 168 is divided by 15?
3
What is the remainder when 3359 is divided by 84?
83
What is the remainder when 85 is divided by 9?
4
What is the remainder when 319 is divided by 185?
134
What is the remainder when 716 is divided by 195?
131
What is the remainder when 107 is divided by 32?
11
What is the remainder when 6155 is divided by 54?
53
What is the remainder when 158 is divided by 41?
35
Calculate the remainder when 169 is divided by 36.
25
Calculate the remainder when 58101 is divided by 278.
277
Calculate the remainder when 244 is divided by 21.
13
What is the remainder when 196 is divided by 44?
20
Calculate the remainder when 2556 is divided by 16.
12
Calculate the remainder when 946 is divided by 137.
124
Calculate the remainder when 1077 is divided by 77.
76
What is the remainder when 48 is divided by 11?
4
Calculate the remainder when 107 is divided by 36.
35
What is the remainder when 478 is divided by 72?
46
What is the remainder when 31 is divided by 30?
1
What is the remainder when 21357 is divided by 59?
58
Calculate the remainder when 305 is divided by 300.
5
Calculate the remainder when 170 is divided by 29.
25
Calculate the remainder when 294 is divided by 27.
24
Calculate the remainder when 699 is divided by 9.
6
What is the remainder when 288 is divided by 280?
8
Calculate the remainder when 54 is divided by 18.
0
What is the remainder when 543 is divided by 49?
4
What is the remainder when 3285 is divided by 31?
30
What is the remainder when 356 is divided by 36?
32
What is the remainder when 92 is divided by 10?
2
Calculate the remainder when 2266 is divided by 63.
61
What is the remainder when 178 is divided by 52?
22
What is the remainder when 642 is divided by 51?
30
Calculate the remainder when 11 is divided by 5.
1
Calculate the remainder when 6762 is divided by 205.
202
What is the remainder when 168 is divided by 40?
8
What is the remainder when 385 is divided by 97?
94
Calculate the remainder when 5598 is divided by 2788.
22
What is the remainder when 3583 is divided by 8?
7
What is the remainder when 61 is divided by 19?
4
What is the remainder when 3475 is divided by 158?
157
Calculate the remainder when 126 is divided by 61.
4
Calculate the remainder when 177 is divided by 38.
25
What is the remainder when 499 is divided by 103?
87
Calculate the remainder when 14206 is divided by 245.
241
What is the remainder when 2007 is divided by 96?
87
Calculate the remainder when 467 is divided by 40.
27
What is the remainder when 79 is divided by 16?
15
What is the remainder when 767 is divided by 11?
8
What is the remainder when 2929 is divided by 147?
136
Calculate the remainder when 15286 is divided by 278.
274
Calculate the remainder when 67 is divided by 12.
7
Calculate the remainder when 157 is divided by 54.
49
Calculate the remainder when 1217 is divided by 20.
17
Calculate the remainder when 10126 is divided by 10.
6
What is the remainder when 123 is divided by 18?
15
Calculate the remainder when 1051 is divided by 81.
79
Calculate the remainder when 604 is divided by 108.
64
What is the remainder when 809 is divided by 135?
134
What is the remainder when 251 is divided by 249?
2
What is the remainder when 952 is divided by 171?
97
Calculate the remainder when 57 is divided by 38.
19
Calculate the remainder when 26758 is divided by 8.
6
What is the remainder when 422 is divided by 155?
112
Calculate the remainder when 53 is divided by 6.
5
What is the remainder when 183 is divided by 63?
57
What is the remainder when 70 is divided by 36?
34
What is the remainder when 170 is divided by 79?
12
What is the remainder when 29 is divided by 1?
0
Calculate the remainder when 422 is divided by 8.
6
What is the remainder when 133 is divided by 69?
64
Calculate the remainder when 73 is divided by 21.
10
What is the rem